s the highest common factor of 549 and 89121?
183
Calculate the greatest common factor of 1989 and 82059.
51
What is the greatest common divisor of 8616 and 5736?
24
What is the highest common factor of 227 and 2043?
227
Calculate the greatest common factor of 4810 and 263588.
962
What is the highest common factor of 482306 and 968?
242
What is the highest common factor of 70832 and 912?
304
What is the greatest common divisor of 112 and 2189502?
14
What is the greatest common factor of 859 and 4448761?
859
What is the highest common divisor of 619069 and 22?
11
What is the greatest common divisor of 30888 and 8151?
429
What is the greatest common factor of 189 and 394884?
63
What is the greatest common divisor of 43112 and 20?
4
What is the highest common factor of 8855 and 2737?
161
Calculate the highest common divisor of 7544 and 79704.
328
What is the greatest common factor of 69 and 61157?
23
Calculate the greatest common factor of 366 and 942206.
122
What is the highest common factor of 690 and 23690?
230
What is the highest common factor of 23 and 1936393?
23
Calculate the greatest common divisor of 3261531 and 5514.
2757
Calculate the highest common divisor of 128501 and 26576.
151
Calculate the highest common factor of 1491 and 707.
7
What is the highest common factor of 1160 and 807505?
145
Calculate the greatest common divisor of 3616 and 872.
8
What is the greatest common factor of 1277859 and 33?
33
Calculate the highest common factor of 1065 and 76893.
213
Calculate the highest common divisor of 1560 and 285.
15
Calculate the highest common factor of 104 and 824564.
52
Calculate the greatest common factor of 99672 and 1.
1
Calculate the highest common divisor of 265595 and 1317.
439
Calculate the highest common factor of 1424232 and 198.
18
What is the greatest common divisor of 13 and 6262997?
13
What is the highest common divisor of 4189 and 19883?
59
What is the highest common factor of 1470 and 9807?
21
What is the highest common factor of 382017 and 87?
87
What is the greatest common factor of 9153 and 4725?
27
Calculate the greatest common divisor of 1415 and 4580.
5
What is the greatest common factor of 20987 and 341?
31
Calculate the highest common divisor of 12360 and 660.
60
Calculate the highest common factor of 9396 and 28362.
174
Calculate the highest common factor of 78 and 1095627.
39
What is the highest common divisor of 138154 and 3093?
1031
Calculate the greatest common divisor of 47223 and 162.
81
What is the highest common divisor of 6403 and 9773?
337
What is the highest common divisor of 6188 and 12019?
119
Calculate the greatest common divisor of 18224 and 171520.
1072
Calculate the greatest common factor of 134 and 96.
2
Calculate the greatest common divisor of 128 and 15552.
64
Calculate the highest common divisor of 49 and 10369.
1
Calculate the highest common divisor of 452256 and 756.
84
What is the greatest common divisor of 176906 and 1576?
394
What is the highest common divisor of 1988 and 196?
28
Calculate the highest common factor of 2814 and 1806.
42
Calculate the highest common factor of 12614 and 1190.
238
What is the highest common divisor of 81115 and 5?
5
Calculate the highest common factor of 82726 and 38.
38
What is the highest common factor of 783 and 8497?
29
Calculate the highest common divisor of 2319004 and 1608.
268
Calculate the highest common divisor of 1980 and 8460.
180
Calculate the greatest common factor of 1369953 and 8424.
1053
Calculate the greatest common factor of 29897 and 70.
7
What is the greatest common factor of 3275 and 41789?
131
Calculate the highest common factor of 2 and 37606.
2
What is the greatest common factor of 2104 and 1035957?
263
Calculate the greatest common factor of 12830459 and 5686.
2843
What is the greatest common divisor of 13125 and 11550?
525
Calculate the greatest common factor of 660 and 20625.
165
What is the greatest common factor of 70 and 232092?
14
Calculate the greatest common divisor of 19 and 4194611.
19
What is the highest common divisor of 1008 and 2772?
252
What is the highest common factor of 39 and 2830308?
39
Calculate the highest common factor of 105 and 189.
21
Calculate the greatest common divisor of 12 and 714636.
12
Calculate the highest common divisor of 1315 and 307973.
263
What is the highest common divisor of 944 and 17523?
59
What is the highest common factor of 1440 and 64768?
32
Calculate the greatest common factor of 252 and 30976.
4
Calculate the greatest common divisor of 1635 and 562113.
327
Calculate the highest common factor of 117 and 3897.
9
Calculate the greatest common factor of 176 and 654128.
16
Calculate the greatest common divisor of 818 and 1307982.
818
Calculate the greatest common divisor of 13088 and 960.
32
What is the highest common divisor of 27036440 and 865?
865
Calculate the greatest common factor of 13795 and 94340.
445
Calculate the greatest common divisor of 239337 and 131.
131
Calculate the greatest common factor of 52065 and 990.
45
Calculate the highest common factor of 620 and 67115.
155
What is the greatest common divisor of 286720 and 320?
320
Calculate the greatest common factor of 7488 and 312156.
468
Calculate the highest common factor of 54253 and 681.
227
Calculate the highest common divisor of 57596 and 476.
476
Calculate the highest common factor of 1537498 and 4.
2
Calculate the highest common divisor of 63 and 10815.
21
What is the greatest common factor of 107600 and 5200?
400
Calculate the greatest common factor of 468 and 5044.
52
What is the highest common factor of 378 and 50166?
54
Calculate the greatest common divisor of 508 and 36703.
127
What is the greatest common divisor of 1898 and 37230?
146
Calculate the highest common divisor of 288 and 157896.
72
What is the greatest common divisor of 4350 and 1619070?
870
Calculate the highest common divisor of 499238 and 46.
46
What is the highest common divisor of 118427 and 1357?
23
What is the greatest common divisor of 48 and 960888?
24
What is the highest common factor of 55543 and 1273?
67
Calculate the highest common factor of 24352 and 544.
32
What is the highest common divisor of 2099223 and 189?
189
What is the highest common divisor of 45472 and 98?
98
Calculate the greatest common factor of 4888 and 28.
4
What is the highest common divisor of 124637 and 207?
23
Calculate the greatest common divisor of 258 and 4486362.
258
What is the highest common divisor of 12688 and 776?
8
Calculate the greatest common divisor of 1 and 168269.
1
What is the greatest common factor of 31909 and 34?
17
Calculate the highest common factor of 900 and 2412.
36
What is the highest common divisor of 342167 and 49?
49
What is the greatest common factor of 445182 and 48?
6
Calculate the highest common divisor of 4522 and 3724.
266
Calculate the highest common factor of 469800 and 116.
116
Calculate the greatest common divisor of 135 and 97065.
135
What is the greatest common factor of 14760 and 11520?
360
What is the highest common factor of 10 and 3433980?
10
What is the greatest common factor of 615040 and 80?
80
What is the highest common divisor of 225 and 19275?
75
Calculate the greatest common divisor of 336 and 295764.
84
Calculate the highest common divisor of 285570 and 285.
285
What is the highest common divisor of 78 and 175123?
13
Calculate the highest common divisor of 1106172 and 828.
36
Calculate the highest common factor of 5841 and 891.
99
What is the greatest common divisor of 3455168 and 128?
64
What is the greatest common factor of 339 and 43392?
339
What is the greatest common factor of 41 and 3920789?
41
Calculate the highest common factor of 1075 and 1376.
43
What is the highest common factor of 7333578 and 1044?
522
Calculate the highest common factor of 123 and 2668239.
123
Calculate the greatest common factor of 47924 and 64.
4
Calculate the greatest common divisor of 2523 and 493.
29
Calculate the greatest common factor of 6572074 and 866.
866
What is the greatest common divisor of 2456450 and 673?
673
Calculate the greatest common divisor of 10 and 483660.
10
What is the greatest common divisor of 2667 and 56?
7
What is the highest common divisor of 8736 and 11984?
112
Calculate the greatest common factor